 29370898?
False
Is 6196 a factor of 173599528?
True
Is 47167464 a multiple of 12?
True
Does 506 divide 51419720?
True
Is 147 a factor of 55653759?
True
Is 2566025 a multiple of 26?
False
Does 14 divide 245731472?
True
Is 172105990 a multiple of 14?
True
Is 304 a factor of 302550288?
False
Is 281542466 a multiple of 170?
False
Is 90955728 a multiple of 36?
True
Is 120359400 a multiple of 30?
True
Does 18 divide 139876362?
True
Does 567 divide 18956467?
False
Does 1481 divide 23273627?
False
Does 1666 divide 1722080880?
False
Is 388247379 a multiple of 403?
True
Does 16 divide 14678778?
False
Is 764335168 a multiple of 388?
True
Does 85 divide 298824385?
True
Does 1869 divide 133162512?
True
Is 418 a factor of 1436730790?
True
Is 84641760 a multiple of 72?
True
Is 4 a factor of 435025457?
False
Is 1541 a factor of 77780387?
False
Is 1620 a factor of 822025682?
False
Is 1072 a factor of 50952379?
False
Is 1160 a factor of 38922640?
True
Does 16 divide 369525008?
True
Does 251 divide 812615261?
True
Is 476855430 a multiple of 301?
False
Is 17 a factor of 80811234?
True
Does 226 divide 998888812?
True
Is 20 a factor of 5758340?
True
Is 264 a factor of 18132430?
False
Is 51375943 a multiple of 20?
False
Does 14 divide 235475982?
True
Is 25 a factor of 909637?
False
Is 78544664 a multiple of 69?
False
Does 722 divide 600457511?
False
Is 184076381 a multiple of 2?
False
Is 25 a factor of 28362718?
False
Does 155 divide 8113785?
True
Does 107 divide 49063138?
True
Is 1943455626 a multiple of 15?
False
Is 650285820 a multiple of 15?
True
Is 32768951 a multiple of 7?
False
Does 1569 divide 766751107?
False
Is 36 a factor of 6738228?
True
Does 3558 divide 8283024?
True
Does 8 divide 57958765?
False
Does 1266 divide 136783704?
True
Is 17 a factor of 744297341?
False
Is 124839840 a multiple of 12?
True
Does 200 divide 176171200?
True
Is 28 a factor of 12689432?
True
Does 18 divide 190903864?
False
Is 51 a factor of 166247447?
False
Is 1565536769 a multiple of 716?
False
Is 319134191 a multiple of 142?
False
Is 883417700 a multiple of 3215?
True
Is 225460868 a multiple of 43?
True
Is 7 a factor of 732318328?
True
Does 5 divide 12901900?
True
Is 1198002732 a multiple of 68?
False
Is 132300603 a multiple of 2577?
True
Does 2478 divide 321510588?
True
Is 698926966 a multiple of 18?
False
Does 2366 divide 65565755?
False
Does 1223 divide 111878043?
False
Does 3637 divide 34133245?
True
Does 102 divide 74728260?
True
Does 79 divide 27161095?
False
Is 40590832 a multiple of 272?
True
Does 2019 divide 77749671?
True
Does 653 divide 2326110184?
False
Does 37 divide 68294213?
False
Is 13636445 a multiple of 131?
True
Is 631816551 a multiple of 5883?
True
Does 15 divide 11803741?
False
Is 540006599 a multiple of 199?
True
Is 29 a factor of 2009788119?
False
Does 1671 divide 382237908?
True
Is 57 a factor of 365131341?
True
Is 22 a factor of 184283748?
True
Is 1170 a factor of 1106036858?
False
Does 162 divide 115707852?
True
Does 1671 divide 38889183?
True
Does 141 divide 96346569?
True
Is 24 a factor of 31870824?
True
Is 3479273280 a multiple of 32?
True
Is 121 a factor of 57734855?
False
Is 26 a factor of 52773968?
True
Is 159076747 a multiple of 392?
False
Is 74777076 a multiple of 54?
False
Is 1582 a factor of 504025200?
True
Is 15 a factor of 180376560?
True
Is 260 a factor of 904099560?
True
Is 6524585487 a multiple of 10367?
True
Does 5055 divide 357777735?
True
Is 74 a factor of 83523504?
True
Does 20 divide 49780680?
True
Is 54393526 a multiple of 22?
True
Is 252 a factor of 52999526?
False
Is 7624086 a multiple of 547?
True
Does 374 divide 22491682?
False
Is 22208688 a multiple of 27?
True
Does 10 divide 12286570?
True
Is 29 a factor of 25830637?
False
Does 36 divide 4115805732?
True
Is 245 a factor of 33627635?
False
Is 1598 a factor of 17704734?
False
Is 5785976090 a multiple of 18?
False
Is 297 a factor of 2937854414?
False
Is 41423045 a multiple of 12?
False
Does 197 divide 15241693?
True
Is 18713960 a multiple of 995?
True
Does 44 divide 228687712?
True
Is 2205014395 a multiple of 10211?
True
Is 64177375 a multiple of 83?
False
Is 251 a factor of 2043962276?
True
Does 950 divide 277086902?
False
Is 220590058 a multiple of 109?
True
Is 112 a factor of 16973152?
True
Is 900699688 a multiple of 644?
True
Does 88 divide 1779962?
False
Does 41 divide 354016961?
False
Is 87836572 a multiple of 21?
False
Is 558 a factor of 30051794?
False
Does 12 divide 129561537?
False
Does 6 divide 11755901?
False
Is 702 a factor of 11559132?
True
Is 8 a factor of 446236083?
False
Does 5 divide 28109189?
False
Is 2739 a factor of 495403770?
False
Is 189931066 a multiple of 13?
True
Is 3 a factor of 25640333?
False
Is 1092811468 a multiple of 4529?
True
Does 1034 divide 42695928?
True
Is 64955374 a multiple of 2313?
False
Does 1500 divide 47671500?
True
Is 255162663 a multiple of 2727?
True
Is 8 a factor of 393011552?
True
Does 397 divide 1904661793?
False
Is 25 a factor of 822237675?
True
Is 320 a factor of 20932272?
False
Does 999 divide 21332646?
True
Does 40 divide 491013393?
False
Is 294 a factor of 1709469000?
False
Is 932 a factor of 54699928?
False
Is 2 a factor of 362868036?
True
Does 2747 divide 120149237?
False
Is 590990884 a multiple of 2925?
False
Is 2631 a factor of 76365800?
False
Is 375 a factor of 8536125?
True
Is 370450 a multiple of 155?
True
Is 7 a factor of 132901090?
True
Does 26 divide 3283722?
True
Is 535100817 a multiple of 651?
False
Is 43458627 a multiple of 383?
True
Is 2257426174 a multiple of 85?
False
Is 2910433530 a multiple of 15297?
False
Is 10 a factor of 886430?
True
Does 8 divide 1544073072?
True
Is 4727470572 a multiple of 16?
False
Is 3510920 a multiple of 35?
True
Does 18 divide 920121787?
False
Is 50 a factor of 1274961466?
False
Is 14 a factor of 665505589?
False
Is 5889461 a multiple of 41?
False
Is 389317824 a multiple of 18?
True
Is 8114 a factor of 394623103?
False
Is 792064476 a multiple of 37?
True
Is 7264356 a multiple of 11?
True
Is 1436 a factor of 798140415?
False
Is 3598820 a multiple of 1254?
False
Does 33 divide 386452854?
False
Is 26229267 a multiple of 7?
False
Is 51639440 a multiple of 40?
True
Is 695961487 a multiple of 3133?
True
Is 4 a factor of 513242605?
False
Does 12 divide 70123500?
True
Is 27187006 a multiple of 1331?
True
Is 150465532 a multiple of 74?
True
Is 5 a factor of 16150060?
True
Is 323 a factor of 18087661?
False
Is 39383280 a multiple of 720?
True
Is 1286 a factor of 35923413?
False
Does 201 divide 419927994?
True
Is 67528136 a multiple of 1079?
True
Is 3872955 a multiple of 5?
True
Does 926 divide 24436702?
False
Is 55 a factor of 2416758025?
True
Is 18332637 a multiple of 2?
False
Does 7296 divide 2571149118?
False
Is 1288 a factor of 56892416?
False
Is 2009 a factor of 214685758?
True
Does 6 divide 7983552?
True
Is 17 a factor of 54840708?
True
Is 4342400 a multiple of 25?
True
Does 57 divide 98067873?
True
Does 7 divide 510895966?
True
Is 492114220 a multiple of 10?
True
Does 6 divide 1523586?
True
Is 622 a factor of 473342?
True
Is 387 a factor of 403288904?
False
Does 51 divide 18860667?
True
Is 27 a factor of 111480583?
False
Does 36 divide 3115335613?
False
Does 28 divide 188938194?
False
Is 161582648 a multiple of 344?
True
Does 45 divide 38191263?
False
Is 314 a factor of 109674192?
False
Is 108 a factor of 3736636369?
False
Does 637 divide 180880609?
True
Is 1965 a factor of 101745735?
True
Does 8 divide 113916416?
True
Is 218838330 a multiple of 355?
True
Does 870 divide 26699866?
False
Is 2591 a factor of 175664618?
True
Is 422141164 a multiple of 296?
False
Is 115905683 a multiple of 1333?
True
Is 5 a factor of 993673873?
False
Is 3954 a factor of 557873814?
True
Is 4832832 a multiple of 64?
True
Is 1160 a factor of 18650044?
False
Is 120142656 a multiple of 1066?
False
Is 98512416 a multiple of 969?
True
Is 46993633 a multiple of 641?
True
Is 1809 a factor of 94661213?
False
Is 2586568075 a multiple of 65?
True
Is 95 a factor of 17844142?
False
Is 91599570 a multiple of 323?
True
Does 33 divide 25327298?
False
Is 1048 a factor of 757511825?
False
Is 1171031490 a multiple of 5?
True
Does 1008 divide 741184416?
True
Does 5737 divide 2482681013?
True
Does 2107 divide 12854807?
True